se 15) in base 16?
-72
-e42 (base 16) to base 5
-104100
Convert 1104211 (base 5) to base 16.
4b6a
What is -6066 (base 7) in base 13?
-c60
What is 10a (base 12) in base 5?
1104
What is -12cc (base 14) in base 13?
-1681
-a98 (base 14) to base 6
-13410
Convert 822 (base 13) to base 14.
708
Convert -13676 (base 10) to base 12.
-7ab8
Convert 24657 (base 9) to base 8.
40300
Convert 248 (base 11) to base 8.
446
1705 (base 16) to base 14
220d
Convert -664c (base 16) to base 4.
-12121030
What is -10898 (base 10) in base 15?
-3368
-2677 (base 9) to base 6
-13154
2416 (base 9) to base 2
11100000101
Convert -1222011 (base 4) to base 8.
-15205
What is 11654 (base 11) in base 15?
4e72
Convert -135 (base 12) to base 2.
-10111001
What is -3590 (base 10) in base 5?
-103330
Convert -1210222 (base 3) to base 10.
-1322
Convert 20030133 (base 4) to base 2.
1000001100011111
-128 (base 15) to base 11
-21a
Convert -5128 (base 9) to base 15.
-11a2
-64a (base 15) to base 12
-9a4
Convert 4d9 (base 16) to base 7.
3422
Convert -1980 (base 12) to base 6.
-22240
What is 11111000111 (base 2) in base 16?
7c7
-159a (base 12) to base 7
-10324
What is -451 (base 8) in base 11?
-250
What is -175 (base 10) in base 16?
-af
What is -30 (base 16) in base 13?
-39
Convert 200111121 (base 3) to base 12.
7981
-324424 (base 5) to base 15
-34e4
2333010 (base 5) to base 9
64734
What is -1010011011101011 (base 2) in base 8?
-123353
Convert -331032 (base 4) to base 14.
-15dc
Convert -45 (base 8) to base 6.
-101
What is 222122 (base 6) in base 7?
105206
Convert 77 (base 10) to base 15.
52
Convert 24b (base 15) to base 2.
1000001001
Convert -210003 (base 4) to base 14.
-bab
Convert 585 (base 13) to base 14.
4c2
Convert -20404 (base 5) to base 12.
-94a
What is -26 (base 11) in base 7?
-40
Convert -2075 (base 9) to base 15.
-6bb
4235 (base 11) to base 10
5604
157 (base 11) to base 8
267
3dd5 (base 14) to base 12
641b
Convert -9308 (base 11) to base 10.
-12350
Convert -41365 (base 8) to base 7.
-100655
Convert -bdc (base 15) to base 16.
-a7a
41b (base 16) to base 10
1051
Convert -446 (base 11) to base 10.
-534
-11300 (base 4) to base 7
-1034
Convert -3aa (base 11) to base 12.
-343
-688 (base 14) to base 7
-3531
What is -4609 (base 15) in base 5?
-433414
What is 2304 (base 6) in base 10?
544
Convert 360 (base 9) to base 12.
209
252350 (base 6) to base 16
584a
-31003 (base 5) to base 14
-a31
2066 (base 7) to base 15
33e
Convert -3018 (base 9) to base 2.
-100010011100
-282 (base 16) to base 5
-10032
108 (base 11) to base 7
243
What is -1560 (base 7) in base 9?
-770
-11123 (base 4) to base 13
-209
213 (base 15) to base 13
2a0
What is -419 (base 14) in base 16?
-327
What is -12102212 (base 3) in base 16?
-f7d
What is 1111100100010 (base 2) in base 16?
1f22
Convert 151b (base 12) to base 5.
34341
-187c (base 13) to base 4
-321010
Convert 2146 (base 7) to base 14.
3cd
What is -100001110101 (base 2) in base 3?
-2222012
What is 4444 (base 7) in base 15?
71a
101000011 (base 2) to base 14
191
What is 1712 (base 15) in base 8?
11547
1011101001111000 (base 2) to base 13
18960
What is 1907 (base 13) in base 8?
7215
321 (base 12) to base 14
249
111122 (base 3) to base 14
1c4
-899 (base 12) to base 9
-1660
What is 1112 (base 5) in base 11?
133
Convert -5684 (base 9) to base 6.
-31251
What is b77 (base 15) in base 2?
101000011011
What is 72771 (base 8) in base 6?
351453
What is 646 (base 12) in base 16?
396
11101101 (base 2) to base 11
1a6
Convert -1301430 (base 5) to base 7.
-133405
10110110001000 (base 2) to base 16
2d88
Convert 105 (base 10) to base 16.
69
Convert 541c (base 14) to base 4.
3203002
52938 (base 10) to base 11
36856
-2425 (base 6) to base 16
-251
Convert 11c (base 13) to base 4.
3002
What is 1103104 (base 5) in base 15?
5a1e
Convert -2bd (base 16) to base 12.
-4a5
What is -63 (base 12) in base 9?
-83
36bb (base 16) to base 9
21187
What is 301020 (base 5) in base 2?
10010100100110
What is -3324 (base 5) in base 16?
-1d0
120 (base 13) to base 15
d0
Convert -555 (base 11) to base 13.
-3c2
What is -10134 (base 7) in base 5?
-34400
143402 (base 5) to base 14
231c
-1020221 (base 3) to base 5
-12131
Convert -1ce (base 15) to base 4.
-12203
What is 4571 (base 8) in base 4?
211321
Convert 3073 (base 9) to base 6.
14233
What is 315 (base 15) in base 8?
1267
What is -401134 (base 5) in base 6?
-134353
What is -666d (base 14) in base 12?
-a321
-34a (base 16) to base 3
-1011012
4103 (base 8) to base 14
ab1
Convert 55b (base 13) to base 4.
32121
318 (base 13) to base 9
646
1 (base 5) to base 3
1
What is 1c (base 13) in base 10?
25
Convert 4478 (base 9) to base 10.
3311
What is -354424 (base 6) in base 10?
-30832
Convert -32 (base 11) to base 4.
-203
-37573 (base 10) to base 11
-26258
What is -1313 (base 6) in base 16?
-14d
What is 249 (base 10) in base 8?
371
Convert 47b7 (base 15) to base 11.
10501
What is -140220 (base 6) in base 5?
-404134
-533a (base 11) to base 7
-26405
Convert 4310 (base 12) to base 15.
22a6
28b (base 15) to base 14
2d7
What is 18056 (base 9) in base 4?
3002130
-17536 (base 9) to base 14
-45a6
Convert -1325 (base 7) to base 15.
-23e
Convert -6ab (base 14) to base 11.
-aa7
Convert -7049 (base 13) to base 16.
-3c50
146 (base 9) to base 10
123
30431 (base 6) to base 15
1301
Convert 2023210 (base 4) to base 14.
3380
Convert -16777 (base 10) to base 12.
-9861
Convert -1205 (base 13) to base 6.
-15432
What is 3323 (base 5) in base 3?
122011
What is a45a (base 16) in base 10?
42074
213330 (base 4) to base 16
9fc
-1955 (base 12) to base 4
-300101
Convert 2256 (base 7) to base 10.
825
What is 11000011111 (base 2) in base 10?
1567
-743 (base 9) to base 3
-211110
What is a8 (base 14) in base 7?
301
Convert -103 (base 9) to base 14.
-60
Convert -16041 (base 9) to base 10.
-10972
-100100011111001 (base 2) to base 9
-27556
Convert -3070 (base 16) to base 13.
-584b
-1116 (base 12) to base 4
-131202
What is 101111101001 (base 2) in base 15?
d84
What is -120221012 (base 3) in base 13?
-5396
Convert -10011100111 (base 2) to base 12.
-887
Convert -22011120 (base 3) to base 16.
-1743
-1110 (base 6) to base 13
-16b
What is 54746 (base 8) in base 11?
16322
108a (base 13) to base 4
210013
Convert -4222 (base 8) to base 9.
-3007
What is -1667 (base 10) in base 5?
-23132
-22512 (base 9) to base 4
-3222110
Convert -1121 (base 5) to base 12.
-115
2c6 (base 15) to base 9
776
Convert -4102 (base 5) to base 11.
-43a
-10185 (base 9) to base 4
-1220333
Convert -1153 (base 7) to base 12.
-2ba
-843 (base 16) to base 9
-2810
What is 3550 (base 16) in base 4?
3111100
What is -90 (base 12) in base 2?
-1101100
4267 (base 8) to base 7
6335
Convert -9b03 (base 13) to base 5.
-1143020
1068b (base 15) to base 11
3616a
Convert 203331 (base 4) to base 14.
ba5
What is -21 (base 16) in base 9?
-36
What is -220022 (base 3) in base 5?
-10111
What is -5302 (base 6) in base 9?
-1562
Convert 1001011010100 (base 2) to base 6.
34152
What is 3144 (base 10) in base 9?
4273
-6224 (base 8) to base 11
-2468
Convert 27696 (base 11) to base 8.
115006
-2109 (base 12) to base 15
-1109
8177 (base 9) to base 12
3567
-101001010 (base 2) to base 13
-1c5
-103145 (base 6) to base 5
-232424
Convert 4ad3 (base 14) to base 6.
140425
Convert 17363 (base 9) to base 7.
46611
12313 (base 4) to base 16
1b7
123226 (base 7) to base 13
a486
Convert 542 (base 14) to base 15.
493
132002 (base 4) to base 6
12522
-b1 (base 13) to base 9
-170
Convert 830c (base 16) to base 6.
415152
What is 1111001011000 (base 2) in base 7?
31435
What is -1402333 (base 5) in base 16?
-6f34
-1021110 (base 3) to base 6
-4150
Convert -5555 (base 6) to base 13.
-788
What is -44635 (base 8) in base 4?
-10212131
-1c4 (base 16) to base 12
-318
Convert 31332 (base 4) to base 15.
3e9
-645 (base 13) to base 15
-4b6
-220201120 (base 3) to base 4
-10121220
Convert 966 (base 11) to base 7.
3246
What is -24145 (base 6) in base 10?
-3521
What is 13102020 (base 4) in base 9?
44826
Convert 14003 (base 6) to base 3.
2222010
-183 (base 14) to base 2
-100110111
7c0a (base 15) to base 13
bcaa
-d6 (base 14) to base 3
-20222
What is -77cf (base 16) in base 14?
-b26b
Convert -26138 (base 9) to base 4.
-10103030
Convert -449c (base 14) to base 9.
-17280
-4656 (base 7) to base 8
-3253
What is 12 (base 16) in